 Let s(a) = 17 - a**3 + 2*a**2 - q + 4*a - 5. Let m be -4*(28/8 - 3). What is s(m)?
10
Let u(z) = 2*z**3 - 6*z**2 - 2*z - 4. Let f be u(3). Let g be (-6)/f + (-288)/30. Let c(l) = l**3 + 8*l**2 - 10*l - 3. Calculate c(g).
6
Let z(y) be the third derivative of y**4/12 + y**3/2 + 19*y**2 + 1. Calculate z(5).
13
Let w(f) = 13*f - 3. Let a(r) = 2*r. Let n(q) = 6*a(q) - w(q). Determine n(-6).
9
Let n(o) = 6 - 7*o**2 - 3*o + 0*o - 9*o + 22*o - o**3. Give n(-8).
-10
Let a(q) = 6*q**2 - 11*q. Let f(h) = -h**2 + 5*h - 5. Let k(l) = -l**2 + 3*l - 2. Let n(j) = 2*f(j) - 5*k(j). Let c(b) = -6*a(b) + 13*n(b). Determine c(-2).
10
Let d(s) = -s**2 + 9*s - 8. Let l(r) = 2*r + 40. Suppose -j = 5*t + 85, 0 = -5*t - 2*j - 42 - 43. Let a be l(t). Determine d(a).
10
Let u(h) = 3 + 8*h**3 + h**2 - h**2 + 5 - 9. Suppose -7*s + 5*s - m = -2, 5*m - 1 = -s. Give u(s).
7
Let y(z) be the first derivative of -z**4/24 - z**3 + 5*z**2/2 + 9. Let u(b) be the second derivative of y(b). Give u(-4).
-2
Let p = -3 + 7. Let j(u) = -u**3 + 8*u**2 - 14*u - 2. Let t be j(5). Let k(n) = 2 - p - 4 + 2*n - t*n. Determine k(-4).
-2
Suppose 7 + 28 = 5*k. Suppose -2*u - 3 = k. Let a(l) = l**2 + 6*l. Let m(h) = 1. Let w(z) = a(z) + 6*m(z). Give w(u).
1
Let i = 1 - 4. Let s(z) be the third derivative of z**5/60 + z**4/6 - z**3/3 - 240*z**2. What is s(i)?
-5
Let v(g) = -g**3 - 5*g**2 - g - 3. Let k(t) = 12*t - 1 + t**3 + 18 + 14*t**2 + 3*t. Let q be k(-13). Let w be -15*(-4 + (-39)/q). Give v(w).
2
Let c(n) = 15*n**2 - 1. Let f = 68 - 62. Let y(q) = 2*q**2 - 12*q + 1. Let k be y(f). Determine c(k).
14
Suppose 3*o = 2*m + 16, 3*m + 0*m + 18 = 3*o. Let d be 6*(3/m)/(-3). Let z(r) = -7*r**2 - 4*r + 2*r - r**3 - d - 5*r. Calculate z(-6).
3
Suppose -42 = 2*o + 2*g, 4*o - g + 82 = -6*g. Let f = o - -33. Suppose 7*i - 2*i = f. Let a(r) = -r + 2. What is a(i)?
0
Let p(r) = r + 1. Suppose -l + 0*v - 3*v = -3, 22 = 4*l + 2*v. Suppose -4 - 8 = l*a. What is p(a)?
-1
Let l(y) = y**2 + 2. Let m(o) = -4*o**2 + 7*o - 10. Let f(q) = -2*l(q) - m(q). What is f(5)?
21
Let f be (18/10)/(48/(-160)). Let r(p) = p**2 + 3*p - 13. Calculate r(f).
5
Let q be 1*(47 + -1 - 3). Let f(b) = b**2 + 22*b - q*b + 1 + 20*b - 3. Determine f(-2).
4
Suppose 6*f = f - 5. Let c be (-2)/4*4*f. Let n(q) = 9*q + 7*q + 2 + q**c - 9*q + 1. Determine n(-6).
-3
Let j(z) = z - 17. Suppose -2*k + 45 = 5*y, y = -2*y - 4*k + 27. Calculate j(y).
-8
Let l(r) = r**3 + 3*r**2 - 4*r. Let v be l(-3). Suppose -2 = 2*n + v. Let h(i) = i**2 + 6*i. Give h(n).
7
Let w(t) be the second derivative of -t**7/840 - t**6/120 + t**4/6 - t**3/2 + t**2 - 23*t. Let s(v) be the second derivative of w(v). Give s(-3).
4
Let n(i) = 2*i - 1. Suppose -3*o = 13*t - 9*t - 36, 0 = -5*o + 5*t + 25. Suppose -2*r + 3*k + o = 0, 13*r + k = 10*r + 12. Give n(r).
7
Let w(o) be the first derivative of -o**5/120 + o**4/24 - o**3/3 + 43*o**2/2 - 11. Let p(i) be the third derivative of w(i). Calculate p(-7).
8
Let p(u) = 13 - 8*u - 16 - 10 - u**2. What is p(-6)?
-1
Let s(a) = a - 2. Let o(j) = -j**3 + 2*j**2 + 5*j - 10. Let i(g) = -o(g) + 5*s(g). What is i(3)?
9
Let i(s) be the third derivative of s**5/60 + s**4/24 - 5*s**3/2 - 6*s**2 - 5*s. Determine i(0).
-15
Suppose -2*m = 16 - 6. Let v(j) = -j**2 - 8*j - 5. Let u be v(m). Let a(h) = -h**2 + 12*h - 13. Determine a(u).
7
Let m(l) = 5*l**2 - l + 6. Let g(h) = -2. Let c(b) = 3*g(b) + m(b). Give c(-1).
6
Suppose 0 = -9*y - 22 + 67. Suppose -4 = 4*w, y*w + 15 = -2*p - 0*w. Let l(k) = k**3 + 5*k**2 - 2*k - 5. Give l(p).
5
Suppose 4*y - 2*g = 14, y = 2*g + 3*g + 17. Let n be 22*(5/2 - y). Suppose 3*b = 4*b + 3*s - n, 10 = -5*b - 2*s. Let r(z) = z - 4. What is r(b)?
-8
Let t = -379 - -360. Let x(o) = o**3 + 19*o**2 - 2*o - 35. What is x(t)?
3
Let d(q) be the second derivative of -q**5/20 - 13*q**4/12 - 5*q**3/3 + 13*q**2/2 - 86*q. What is d(-12)?
-11
Let f(p) be the third derivative of p**5/60 + p**4/12 - 5*p**3/6 - p**2. Let h be (-5 + 11/2)/(1/(-4)). Let l be -9 + -2 + h + 8. Determine f(l).
10
Let z(x) = -x**3 + 2*x**2 + 5*x - 3. Let s be z(3). Suppose -s*r = -9*r. Let n(u) = u**3 + u**2 - u + 3. What is n(r)?
3
Let p(v) = -v**3 + 5*v**2 + v - 5. Suppose -4*b + 24 = -3*d + 1, -d - 9 = -2*b. Suppose 4 = -b*k + 4*a, -5 = -4*a + 3. Let t be (4/k)/4*10. Determine p(t).
0
Let z be 18*(-7 - (-44)/6). Let n(x) = -x + 1. Determine n(z).
-5
Let v(m) = 3*m**3 + 10*m**2 - 12*m + 8. Let g(k) = 5*k**3 + 21*k**2 - 21*k + 16. Let a(f) = -4*g(f) + 7*v(f). Give a(14).
-8
Let w(o) = -o**3 - o**2 - o + 14. Let u = 90 + -90. What is w(u)?
14
Let s(w) = -w**3 - w**2 + 5*w - 1. Let z = -1337 - -1339. What is s(z)?
-3
Let u(m) = -m**3 + 2*m**2 + 7*m + 6. Let z be u(-1). Let y(h) = 2*h**3 + 0*h**3 + h**3 - 2*h**2. What is y(z)?
16
Suppose -5*b + 41 - 161 = 0. Let v = b - -35. Let l(s) = s**3 + 7*s + 3 - s**2 - v*s - 3*s**2 - 5. What is l(5)?
3
Let j(a) = -a**2 + 1. Suppose 0 = -3*y + 8*y - 15. Let h(t) = -28*t**3 + 10*t - 10*t**2 + 16*t**3 + 11*t**y - 10. Let s be h(-11). What is j(s)?
0
Let u(l) = 5*l**2 - 14*l + 14. Let m(q) = 6*q**2 - 14*q + 13. Let f(h) = -4*m(h) + 5*u(h). Calculate f(12).
-6
Let c(z) = -2*z + 2. Let f(v) = v + 1. Let w(a) = 2*c(a) + 3*f(a). Determine w(2).
5
Let t be (-2)/(-8) + 84/48. Let h(g) = t*g + 14 - 13 + 0*g + 4*g**2 - g + g**3. Suppose -14 = 2*f - 2*l, 4*f = 3*f - 4*l + 8. What is h(f)?
-3
Let d(z) be the third derivative of 1/6*z**3 - 1/10*z**5 - 1/120*z**6 - 3*z**2 + 0*z + 0 - 1/4*z**4. Let p be 4*5*(-3)/12. Determine d(p).
6
Let o be (-1)/(-2)*(10 - 4). Let b(x) = -1 + o + x - 3. Determine b(5).
4
Let n(g) be the third derivative of 1/120*g**6 + 1/3*g**3 - 22*g**2 + 0*g + 0 - 7/60*g**5 - 1/3*g**4. Determine n(8).
2
Suppose 0 = 3*v + 20 - 41. Let r = -8 - v. Let c = -15 - r. Let n(b) = -b**3 - b + 5. Give n(c).
5
Suppose 39*o - 324 = -15*o. Let p(i) = -i + 5. Give p(o).
-1
Suppose 3*g - 4*v = -2*g + 122, -2*g - 3*v + 35 = 0. Let m(n) = g - 17 - 5*n + 4*n. Give m(6).
-1
Suppose 2*o = 2*b + o - 6, 5*b - 2*o - 14 = 0. Let x(v) = 4*v + v**b - 4*v + 1 - 5*v. Calculate x(2).
-5
Let j be (-16)/(-216) + 319/(-297). Let m(s) be the first derivative of 2 - 7/4*s**4 - 1/3*s**3 - s - s**2. Give m(j).
7
Let u be ((-7 - -3)/(-4))/(-1)*1. Suppose 0*n = n - 2. Let x be (u + 3/(-6))*n. Let p(k) = -k**3 - 3*k**2 - 2. What is p(x)?
-2
Let x be 9/(-5) - 660/(-75). Let b(u) = 3*u - 19. What is b(x)?
2
Let q(a) = -a**2 - 5*a + 2. Let z(h) = -h**2 + 6*h - 3. Let j(d) = 4*q(d) + 3*z(d). Suppose 3 = -4*o - 1. Calculate j(o).
-6
Let c be 0/((-4)/(-2)) + 4 + 1. Let b(n) = n**2 - 9*n + 7. Calculate b(c).
-13
Suppose -3*g = -4*g + 4. Let n be 10*g/(-8) + -4. Let z(x) = -2*x - 7. What is z(n)?
11
Suppose 5*u = 3*x - 76, x - 4 = 5*u + 68. Let q(y) = -4*y - 60. Let i be q(u). Let w(j) = j**2 + 3*j. What is w(i)?
4
Let q(k) = 5*k - 2*k - k**2 - k. Let s(p) = -p**2 + 815*p - 4047. Let t be s(5). Determine q(t).
-3
Suppose p - 3*p + 1 = -5*i, 0 = -3*p - i + 10. Let b(f) = 0*f - f + p - 1. Let t = -335 + 339. Calculate b(t).
-2
Let z(o) be the first derivative of -o**3/3 + 2*o**2 + 6*o + 48. Let c = 0 - -4. Suppose 32 = c*h + 4*g, 3*g = -0*h - h + 12. Calculate z(h).
-6
Let b = 3 + -6. Let c(z) be the second derivative of z**5/60 + 5*z**4/24 + 2*z**3/3 + 3*z**2 - 3*z. Let m(n) be the first derivative of c(n). Give m(b).
-2
Let y(c) = 3*c**2 + 6*c**2 - 3*c**2 - 10*c - 7*c**2 - 6. Let k be y(-10). Let a(l) = 2 + 4*l - 3*l - 4. Give a(k).
-8
Let h(x) = x - 3. Suppose -6125 - 13 = -18*c. Let y be (-1)/4 - c/124. Give h(y).
-6
Let r(h) = -18*h + 48 - 3*h - 38 + h**3 - 12*h**2 + 7*h. Determine r(13).
-3
Let b(j) = j**3 - 5*j**2 - 4*j - 7. Let t(o) = o**3 - 15*o**2 - 17*o + 22. Let c(x) = 10*x - 7. Let n be c(5). Let k = -27 + n. Let f be t(k). Determine b(f).
5
Let n(k) = -2*k - 2 - 5 - 4 - 21. Give n(-18).
4
Let f(k) be the second derivative of -k**3/6 + 9*k**2/2 + 18*k + 6. Determine f(15).
-6
Let r(t) = -t**3 - t**2 - 2*t - 8. Let f be (-8)/(-20) + 8/(-20). What is r(f)?
-8
Suppose p - 1 = 1. Suppose -3*g = -2*a - 14, g - 5*a - 22 = -0*g. Let b(c) = c**2 - c**p + 2*c**g + 3 + c**3 - c. What is b(-3)?
-3
Let o(j) = -j**2 - 4*j - 3. Let u = 82 + -155. Let h = u + 71. Determine o(h).
1
Let t(g) be the first derivative of -5*g**2 + 3*g - 6. Let s(l) = -15*l + 4.